{"id":3430,"date":"2021-02-15T16:32:21","date_gmt":"2021-02-15T19:32:21","guid":{"rendered":"https:\/\/www.mormaii.com.br\/colecao-wetsuits-2022\/?post_type=product&#038;p=3430"},"modified":"2022-03-15T14:30:57","modified_gmt":"2022-03-15T17:30:57","slug":"long-john-manga-longa-flexxxa-pro-3-2mm","status":"publish","type":"product","link":"https:\/\/www.mormaii.com.br\/colecao-wetsuits-2022\/?product=long-john-manga-longa-flexxxa-pro-3-2mm","title":{"rendered":"Long John Manga Longa 3.2mm"},"content":{"rendered":"<p><span style=\"font-weight: 400;\">Combinando tecnologia e conforto, nosso novo modelo chegou para trazer inova\u00e7\u00e3o. O sistema de entrada E &#8211; SYSTEM para as roupas de espessura maior agora conta com um engate na parte da lapela, trazendo maior seguran\u00e7a e facilidade na hora de vestir a roupa. Com modelagem anat\u00f4mica, desenvolvida com borracha SL (leve, el\u00e1stico e altamente flex\u00edvel) garantimos mais tempo na \u00e1gua e movimentos com maior amplitude. Para o aquecimento ideal, possu\u00edmos costura blind, veda\u00e7\u00e3o NEOX4 tape (4x mais flex\u00edvel) e externamente, veda\u00e7\u00e3o com liquid tape. Nossas fitas s\u00e3o flex\u00edveis o suficiente para acompanhar a elasticidade da roupa, permitindo ao atleta o seu m\u00e1ximo desempenho.<\/span><\/p>\n<p><span style=\"font-weight: 400;\">Caracter\u00edsticas:<\/span><\/p>\n<p><span style=\"font-weight: 400;\">Material NEOX4 PLUS: Borracha importada 4X mais flex\u00edvel, leve e resistente <\/span><span style=\"font-weight: 400;\">\u2013 garantindo uma maior flexibilidade para o atleta;<\/span><\/p>\n<p><b>Easy \u2013 System: <\/b><span style=\"font-weight: 400;\">Sistema de entrada da roupa com fecho com regulagem, podendo ajustar a parte da gola, tornando a mesma mais eficiente contra a entrada de \u00e1gua no interior da roupa.\u00a0<\/span><\/p>\n<p><span style=\"font-weight: 400;\"><br \/>\n<\/span><span style=\"font-weight: 400;\">Tecnologia: modelagem anat\u00f4mica Mormaii<\/span><\/p>\n<p><span style=\"font-weight: 400;\">Costura Blindstitch: costura onde a agulha n\u00e3o atravessa o tecido<\/span><\/p>\n<p><i><span style=\"font-weight: 400;\">EBS SYSTEM: <\/span><\/i><span style=\"font-weight: 400;\">Joelheira de alta resist\u00eancia e durabilidade<\/span><\/p>\n<p><span style=\"font-weight: 400;\">Stress Tape: Fita interna nos pontos de stress<\/span><\/p>\n<p><span style=\"font-weight: 400;\">\u00a0Espessura: <\/span><span style=\"font-weight: 400;\">3 <\/span><span style=\"font-weight: 400;\">mm<\/span><span style=\"font-weight: 400;\"><br \/>\n<\/span><span style=\"font-weight: 400;\">Composi\u00e7\u00e3o: 100% policloropreno com tecido de revestimento 86% poliamida, 14% elastano<\/span><\/p>\n<p><span style=\"font-weight: 400;\">Garantia de f\u00e1brica<\/span><span style=\"font-weight: 400;\">:<\/span><span style=\"font-weight: 400;\"><br \/>\n<\/span><span style=\"font-weight: 400;\">A mormaii, maior fabricante de wetsuits da am\u00e9rica latina, oferece garantia nas roupas de borracha em casos de v\u00edcio de fabrica\u00e7\u00e3o nas costuras pelo prazo de tr\u00eas (3) anos, sendo tr\u00eas (3) meses garantia legal de dois (2) anos e nove (9) meses de garantia de f\u00e1brica. E garantia total por outros v\u00edcios de fabrica\u00e7\u00e3o pelo prazo de um ano, sendo tr\u00eas (3) meses de garantia legal e nove (9) meses de garantia de f\u00e1brica. Todos os prazos s\u00e3o contados da emiss\u00e3o do cupom ou nota fiscal, cuja apresenta\u00e7\u00e3o \u00e9 necess\u00e1ria para a valida\u00e7\u00e3o da garantia<\/span><span style=\"font-weight: 400;\">.<\/span><\/p>\n","protected":false},"excerpt":{"rendered":"<p>Combinando tecnologia e conforto, nosso novo modelo chegou para trazer inova\u00e7\u00e3o. O sistema de entrada E &#8211; SYSTEM para as roupas de espessura maior agora conta com um engate na parte da lapela, trazendo maior seguran\u00e7a e facilidade na hora de vestir a roupa. Com modelagem anat\u00f4mica, desenvolvida com borracha SL (leve, el\u00e1stico e altamente [&hellip;]<\/p>\n","protected":false},"featured_media":3980,"template":"","meta":{"_monsterinsights_skip_tracking":false,"_monsterinsights_sitenote_active":false,"_monsterinsights_sitenote_note":"","_monsterinsights_sitenote_category":0},"product_cat":[68,94],"product_tag":[90,87,88,89],"class_list":{"0":"post-3430","1":"product","2":"type-product","3":"status-publish","4":"has-post-thumbnail","6":"product_cat-surf","7":"product_cat-surf-masculino","8":"product_tag-3-2mm","9":"product_tag-long-john","10":"product_tag-neoprene","11":"product_tag-wetsuits","12":"pa_tamanho-g","13":"pa_tamanho-gg","14":"pa_tamanho-m","15":"pa_tamanho-p","16":"pa_tamanho-pm","18":"first","19":"instock","20":"shipping-taxable","21":"product-type-external"},"_links":{"self":[{"href":"https:\/\/www.mormaii.com.br\/colecao-wetsuits-2022\/index.php?rest_route=\/wp\/v2\/product\/3430","targetHints":{"allow":["GET"]}}],"collection":[{"href":"https:\/\/www.mormaii.com.br\/colecao-wetsuits-2022\/index.php?rest_route=\/wp\/v2\/product"}],"about":[{"href":"https:\/\/www.mormaii.com.br\/colecao-wetsuits-2022\/index.php?rest_route=\/wp\/v2\/types\/product"}],"version-history":[{"count":4,"href":"https:\/\/www.mormaii.com.br\/colecao-wetsuits-2022\/index.php?rest_route=\/wp\/v2\/product\/3430\/revisions"}],"predecessor-version":[{"id":3981,"href":"https:\/\/www.mormaii.com.br\/colecao-wetsuits-2022\/index.php?rest_route=\/wp\/v2\/product\/3430\/revisions\/3981"}],"wp:featuredmedia":[{"embeddable":true,"href":"https:\/\/www.mormaii.com.br\/colecao-wetsuits-2022\/index.php?rest_route=\/wp\/v2\/media\/3980"}],"wp:attachment":[{"href":"https:\/\/www.mormaii.com.br\/colecao-wetsuits-2022\/index.php?rest_route=%2Fwp%2Fv2%2Fmedia&parent=3430"}],"wp:term":[{"taxonomy":"product_cat","embeddable":true,"href":"https:\/\/www.mormaii.com.br\/colecao-wetsuits-2022\/index.php?rest_route=%2Fwp%2Fv2%2Fproduct_cat&post=3430"},{"taxonomy":"product_tag","embeddable":true,"href":"https:\/\/www.mormaii.com.br\/colecao-wetsuits-2022\/index.php?rest_route=%2Fwp%2Fv2%2Fproduct_tag&post=3430"}],"curies":[{"name":"wp","href":"https:\/\/api.w.org\/{rel}","templated":true}]}}