{"id":59417,"date":"2024-08-22T15:35:30","date_gmt":"2024-08-22T18:35:30","guid":{"rendered":"https:\/\/www.mormaii.com.br\/site\/?page_id=59417"},"modified":"2024-08-23T14:24:10","modified_gmt":"2024-08-23T17:24:10","slug":"conquistas-e-premios-2","status":"publish","type":"page","link":"https:\/\/www.mormaii.com.br\/site\/conquistas-e-premios-2\/","title":{"rendered":"CONQUISTAS E PR\u00caMIOS"},"content":{"rendered":"\n<p class=\"has-text-align-center\">Seja para desenvolver novos produtos ou otimizar aqueles que j\u00e1 existem, a sua palavra \u00e9 sempre ouvida pela gente desde o princ\u00edpio \u2013 representando a pe\u00e7a-chave para mover todas as outras que giram constantemente em busca de solu\u00e7\u00f5es para ampliar a qualidade de vida das pessoas.<\/p>\n\n\n\n<p class=\"has-text-align-center\">Essa aproxima\u00e7\u00e3o cada vez maior entre o consumidor e a Mormaii ocorre gra\u00e7as ao constante desenvolvimento do atendimento prestado pela equipe de SAC &#8211; o Servi\u00e7o de Atendimento ao Consumidor. Com uma equipe qualificada sempre pronta para ouvir os nossos consumidores em diferentes tipos de canais, o setor j\u00e1 conquistou diversos pr\u00eamios.<\/p>\n\n\n\n<div class=\"wp-block-media-text alignwide has-media-on-the-right is-stacked-on-mobile container-1\"><figure class=\"wp-block-media-text__media\"><img loading=\"lazy\" decoding=\"async\" width=\"1024\" height=\"1024\" src=\"https:\/\/www.mormaii.com.br\/site\/wp-content\/uploads\/2024\/08\/Premio-Consumidor-Moderno-1024x1024.jpg\" alt=\"\" class=\"wp-image-59423 size-full\" srcset=\"https:\/\/www.mormaii.com.br\/site\/wp-content\/uploads\/2024\/08\/Premio-Consumidor-Moderno-1024x1024.jpg 1024w, https:\/\/www.mormaii.com.br\/site\/wp-content\/uploads\/2024\/08\/Premio-Consumidor-Moderno-300x300.jpg 300w, https:\/\/www.mormaii.com.br\/site\/wp-content\/uploads\/2024\/08\/Premio-Consumidor-Moderno-150x150.jpg 150w, https:\/\/www.mormaii.com.br\/site\/wp-content\/uploads\/2024\/08\/Premio-Consumidor-Moderno-768x768.jpg 768w, https:\/\/www.mormaii.com.br\/site\/wp-content\/uploads\/2024\/08\/Premio-Consumidor-Moderno-1536x1536.jpg 1536w, https:\/\/www.mormaii.com.br\/site\/wp-content\/uploads\/2024\/08\/Premio-Consumidor-Moderno-650x650.jpg 650w, https:\/\/www.mormaii.com.br\/site\/wp-content\/uploads\/2024\/08\/Premio-Consumidor-Moderno-1300x1300.jpg 1300w, https:\/\/www.mormaii.com.br\/site\/wp-content\/uploads\/2024\/08\/Premio-Consumidor-Moderno.jpg 2048w\" sizes=\"(max-width: 1024px) 100vw, 1024px\" \/><\/figure><div class=\"wp-block-media-text__content\">\n<p class=\"has-text-align-center titulo-container\"><strong>PR\u00caMIO CONSUMIDOR MODERNO<\/strong><\/p>\n\n\n\n<p class=\"has-text-align-center text-container\">Realizado pela revista Consumidor Moderno em parceria com o Centro de Intelig\u00eancia Padr\u00e3o (CIP) e com a OnYou, uma das mais gabaritadas empresas em auditoria de qualidade do Pa\u00eds, o Pr\u00eamio Consumidor Moderno de Excel\u00eancia ao Cliente \u00e9 referendado como o aut\u00eantico \u201cOscar\u201d brasileiro para a excel\u00eancia corporativa na gest\u00e3o de clientes e consumidores.<\/p>\n\n\n\n<p class=\"has-text-align-center text-container\"><strong>Mormaii vencedora nas seguintes categorias:<br><\/strong>2008 &#8211; Moda<br>2008 &#8211; Cal\u00e7ados<br>2008 &#8211; Empresa revela\u00e7\u00e3o<br>2014 &#8211; Varejo Moda<br>2015 &#8211; Cal\u00e7ados<br>2015 &#8211; Varejo Moda<br>2016 &#8211; Cal\u00e7ados<br>2018 &#8211; Ind\u00fastria, cal\u00e7ados e artigos esportivos<br>2019 &#8211; Moda e confec\u00e7\u00e3o.<\/p>\n\n\n\n<p class=\"has-text-align-center text-container\">Site pr\u00eamio: <a href=\"https:\/\/www.consumidormoderno.com.br\/premiocm\/\" target=\"_blank\" rel=\"noreferrer noopener\">https:\/\/www.consumidormoderno.com.br\/premiocm<\/a><\/p>\n<\/div><\/div>\n\n\n\n<div class=\"wp-block-media-text alignwide is-stacked-on-mobile container-2\"><figure class=\"wp-block-media-text__media\"><img loading=\"lazy\" decoding=\"async\" width=\"1024\" height=\"1024\" src=\"https:\/\/www.mormaii.com.br\/site\/wp-content\/uploads\/2024\/08\/Reclame-aqui-\u2013-Mormaii-entre-as-melhores-empresas-para-o-consumidor-1024x1024.jpeg\" alt=\"\" class=\"wp-image-59424 size-full\" srcset=\"https:\/\/www.mormaii.com.br\/site\/wp-content\/uploads\/2024\/08\/Reclame-aqui-\u2013-Mormaii-entre-as-melhores-empresas-para-o-consumidor-1024x1024.jpeg 1024w, https:\/\/www.mormaii.com.br\/site\/wp-content\/uploads\/2024\/08\/Reclame-aqui-\u2013-Mormaii-entre-as-melhores-empresas-para-o-consumidor-300x300.jpeg 300w, https:\/\/www.mormaii.com.br\/site\/wp-content\/uploads\/2024\/08\/Reclame-aqui-\u2013-Mormaii-entre-as-melhores-empresas-para-o-consumidor-150x150.jpeg 150w, https:\/\/www.mormaii.com.br\/site\/wp-content\/uploads\/2024\/08\/Reclame-aqui-\u2013-Mormaii-entre-as-melhores-empresas-para-o-consumidor-768x768.jpeg 768w, https:\/\/www.mormaii.com.br\/site\/wp-content\/uploads\/2024\/08\/Reclame-aqui-\u2013-Mormaii-entre-as-melhores-empresas-para-o-consumidor-1536x1536.jpeg 1536w, https:\/\/www.mormaii.com.br\/site\/wp-content\/uploads\/2024\/08\/Reclame-aqui-\u2013-Mormaii-entre-as-melhores-empresas-para-o-consumidor-650x650.jpeg 650w, https:\/\/www.mormaii.com.br\/site\/wp-content\/uploads\/2024\/08\/Reclame-aqui-\u2013-Mormaii-entre-as-melhores-empresas-para-o-consumidor-1300x1300.jpeg 1300w, https:\/\/www.mormaii.com.br\/site\/wp-content\/uploads\/2024\/08\/Reclame-aqui-\u2013-Mormaii-entre-as-melhores-empresas-para-o-consumidor.jpeg 2048w\" sizes=\"(max-width: 1024px) 100vw, 1024px\" \/><\/figure><div class=\"wp-block-media-text__content\">\n<p class=\"has-text-align-left titulo-container\"><strong>RECLAME AQUI &#8211; MORMAII ENTRE AS MELHORES EMPRESAS PARA O CONSUMIDOR<\/strong><\/p>\n\n\n\n<p class=\"has-text-align-left text-container\">O pr\u00eamio foi criado com a finalidade de incentivar as empresas a buscarem excel\u00eancia no atendimento prestado, atrav\u00e9s da realiza\u00e7\u00e3o de esfor\u00e7os para melhorar o relacionamento com o novo consumidor e atingir um alto n\u00edvel de efici\u00eancia na solu\u00e7\u00e3o de problemas.<\/p>\n\n\n\n<p class=\"has-text-align-left text-container\"><strong>Mormaii finalista e vencedora nas seguintes categorias:<br><\/strong>Moda\/Confec\u00e7\u00e3o &#8211; finalista 2013<br>Moda\/Confec\u00e7\u00e3o &#8211; finalista 2014<br>Moda\/Confec\u00e7\u00e3o &#8211; finalista 2016<br>Moda\/Confec\u00e7\u00e3o &#8211; vencedora 2017<br>Moda\/Confec\u00e7\u00e3o &#8211; finalista 2022<br>Moda\/Confec\u00e7\u00e3o &#8211; finalista 2023<br>Artigos Esportivos &#8211; finalista 2021<br>Artigos Esportivos &#8211; finalista 2022<br>Artigos Esportivos &#8211; finalista 2023<\/p>\n\n\n\n<p class=\"has-text-align-left text-container\">Site pr\u00eamio: <a href=\"https:\/\/www.reclameaqui.com.br\/premio\" target=\"_blank\" rel=\"noreferrer noopener\">https:\/\/www.reclameaqui.com.br\/premio<\/a><\/p>\n<\/div><\/div>\n\n\n\n<div class=\"wp-block-media-text alignwide has-media-on-the-right is-stacked-on-mobile container-3\"><figure class=\"wp-block-media-text__media\"><img loading=\"lazy\" decoding=\"async\" width=\"1024\" height=\"1024\" src=\"https:\/\/www.mormaii.com.br\/site\/wp-content\/uploads\/2024\/08\/1o-PREMIO-D.-CATARINA-2014-1024x1024.jpeg\" alt=\"\" class=\"wp-image-59420 size-full\" srcset=\"https:\/\/www.mormaii.com.br\/site\/wp-content\/uploads\/2024\/08\/1o-PREMIO-D.-CATARINA-2014-1024x1024.jpeg 1024w, https:\/\/www.mormaii.com.br\/site\/wp-content\/uploads\/2024\/08\/1o-PREMIO-D.-CATARINA-2014-300x300.jpeg 300w, https:\/\/www.mormaii.com.br\/site\/wp-content\/uploads\/2024\/08\/1o-PREMIO-D.-CATARINA-2014-150x150.jpeg 150w, https:\/\/www.mormaii.com.br\/site\/wp-content\/uploads\/2024\/08\/1o-PREMIO-D.-CATARINA-2014-768x768.jpeg 768w, https:\/\/www.mormaii.com.br\/site\/wp-content\/uploads\/2024\/08\/1o-PREMIO-D.-CATARINA-2014-1536x1536.jpeg 1536w, https:\/\/www.mormaii.com.br\/site\/wp-content\/uploads\/2024\/08\/1o-PREMIO-D.-CATARINA-2014-650x650.jpeg 650w, https:\/\/www.mormaii.com.br\/site\/wp-content\/uploads\/2024\/08\/1o-PREMIO-D.-CATARINA-2014-1300x1300.jpeg 1300w, https:\/\/www.mormaii.com.br\/site\/wp-content\/uploads\/2024\/08\/1o-PREMIO-D.-CATARINA-2014.jpeg 2048w\" sizes=\"(max-width: 1024px) 100vw, 1024px\" \/><\/figure><div class=\"wp-block-media-text__content\">\n<p class=\"has-text-align-center titulo-container\"><strong>1\u00ba PR\u00caMIO D. CATARINA (2014)<\/strong><\/p>\n\n\n\n<p class=\"has-text-align-center text-container\">A Roupa de Neoprene Flexxxa Pro, uma das grandes apostas da Mormaii na linha de wetsuits, foi eleita o melhor produto da premia\u00e7\u00e3o na categoria Esportes, atrav\u00e9s de sua licenciada El Faro.<\/p>\n<\/div><\/div>\n\n\n\n<div class=\"wp-block-media-text alignwide is-stacked-on-mobile container-4\"><figure class=\"wp-block-media-text__media\"><img loading=\"lazy\" decoding=\"async\" width=\"1024\" height=\"950\" src=\"https:\/\/www.mormaii.com.br\/site\/wp-content\/uploads\/2024\/08\/5a-EDICAO-PESQUISA-IMPAR-INDICE-DE-MARCAS-DE-PREFERENCIA-E-AFINIDADE-REGIONAL-2012-1024x950.jpeg\" alt=\"\" class=\"wp-image-59421 size-full\" srcset=\"https:\/\/www.mormaii.com.br\/site\/wp-content\/uploads\/2024\/08\/5a-EDICAO-PESQUISA-IMPAR-INDICE-DE-MARCAS-DE-PREFERENCIA-E-AFINIDADE-REGIONAL-2012-1024x950.jpeg 1024w, https:\/\/www.mormaii.com.br\/site\/wp-content\/uploads\/2024\/08\/5a-EDICAO-PESQUISA-IMPAR-INDICE-DE-MARCAS-DE-PREFERENCIA-E-AFINIDADE-REGIONAL-2012-300x278.jpeg 300w, https:\/\/www.mormaii.com.br\/site\/wp-content\/uploads\/2024\/08\/5a-EDICAO-PESQUISA-IMPAR-INDICE-DE-MARCAS-DE-PREFERENCIA-E-AFINIDADE-REGIONAL-2012-768x713.jpeg 768w, https:\/\/www.mormaii.com.br\/site\/wp-content\/uploads\/2024\/08\/5a-EDICAO-PESQUISA-IMPAR-INDICE-DE-MARCAS-DE-PREFERENCIA-E-AFINIDADE-REGIONAL-2012-1536x1425.jpeg 1536w, https:\/\/www.mormaii.com.br\/site\/wp-content\/uploads\/2024\/08\/5a-EDICAO-PESQUISA-IMPAR-INDICE-DE-MARCAS-DE-PREFERENCIA-E-AFINIDADE-REGIONAL-2012.jpeg 2048w\" sizes=\"(max-width: 1024px) 100vw, 1024px\" \/><\/figure><div class=\"wp-block-media-text__content\">\n<p class=\"has-text-align-center titulo-container\"><strong>5\u00aa EDI\u00c7\u00c3O PESQUISA IMPAR (\u00cdNDICE DE MARCAS DE PREFER\u00caNCIA E AFINIDADE REGIONAL) (2012)<\/strong><\/p>\n\n\n\n<p class=\"has-text-align-center text-container\">Atrav\u00e9s de pesquisa anual que revela as prefer\u00eancias e os h\u00e1bitos de consumo dos catarinenses, a Mormaii foi eleita a marca de surfwear mais lembrada e preferida pelos consumidores.<\/p>\n<\/div><\/div>\n\n\n\n<div class=\"wp-block-media-text alignwide has-media-on-the-right is-stacked-on-mobile container-5\"><figure class=\"wp-block-media-text__media\"><img loading=\"lazy\" decoding=\"async\" width=\"1024\" height=\"950\" src=\"https:\/\/www.mormaii.com.br\/site\/wp-content\/uploads\/2024\/08\/22o-PREMIO-BRASILEIRO-DE-EMBALAGENS-_-EMBANEWS-2012-1024x950.jpeg\" alt=\"\" class=\"wp-image-59422 size-full\" srcset=\"https:\/\/www.mormaii.com.br\/site\/wp-content\/uploads\/2024\/08\/22o-PREMIO-BRASILEIRO-DE-EMBALAGENS-_-EMBANEWS-2012-1024x950.jpeg 1024w, https:\/\/www.mormaii.com.br\/site\/wp-content\/uploads\/2024\/08\/22o-PREMIO-BRASILEIRO-DE-EMBALAGENS-_-EMBANEWS-2012-300x278.jpeg 300w, https:\/\/www.mormaii.com.br\/site\/wp-content\/uploads\/2024\/08\/22o-PREMIO-BRASILEIRO-DE-EMBALAGENS-_-EMBANEWS-2012-768x713.jpeg 768w, https:\/\/www.mormaii.com.br\/site\/wp-content\/uploads\/2024\/08\/22o-PREMIO-BRASILEIRO-DE-EMBALAGENS-_-EMBANEWS-2012-1536x1425.jpeg 1536w, https:\/\/www.mormaii.com.br\/site\/wp-content\/uploads\/2024\/08\/22o-PREMIO-BRASILEIRO-DE-EMBALAGENS-_-EMBANEWS-2012.jpeg 2048w\" sizes=\"(max-width: 1024px) 100vw, 1024px\" \/><\/figure><div class=\"wp-block-media-text__content\">\n<p class=\"has-text-align-center titulo-container\"><strong>22\u00ba PR\u00caMIO BRASILEIRO DE EMBALAGENS \/ EMBANEWS (2012)<\/strong><\/p>\n\n\n\n<p class=\"has-text-align-center text-container\">Atrav\u00e9s do energ\u00e9tico Mormaii Baumgarten, a marca ganhou o Trof\u00e9u Roberto Hirashi na premia\u00e7\u00e3o de embalagens mais reconhecida do Brasil.<\/p>\n<\/div><\/div>\n","protected":false},"excerpt":{"rendered":"<p>Seja para desenvolver novos produtos ou otimizar aqueles que j\u00e1 existem, a sua palavra \u00e9 sempre ouvida pela gente desde o princ\u00edpio \u2013 representando a pe\u00e7a-chave para mover todas as outras que giram constantemente em busca de solu\u00e7\u00f5es para ampliar a qualidade de vida das pessoas. Essa aproxima\u00e7\u00e3o cada vez maior entre o consumidor e [&hellip;]<\/p>\n","protected":false},"author":16,"featured_media":0,"parent":0,"menu_order":0,"comment_status":"closed","ping_status":"closed","template":"general-template.php","meta":{"_uag_custom_page_level_css":"","_mi_skip_tracking":false,"footnotes":""},"class_list":["post-59417","page","type-page","status-publish","hentry"],"acf":[],"uagb_featured_image_src":{"full":false,"thumbnail":false,"medium":false,"medium_large":false,"large":false,"1536x1536":false,"2048x2048":false,"qi_addons_for_elementor_image_size_square":false,"qi_addons_for_elementor_image_size_landscape":false,"qi_addons_for_elementor_image_size_portrait":false,"qi_addons_for_elementor_image_size_huge-square":false},"uagb_author_info":{"display_name":"Fabrizio Barros","author_link":"https:\/\/www.mormaii.com.br\/site\/author\/fabrizio-frn\/"},"uagb_comment_info":0,"uagb_excerpt":"Seja para desenvolver novos produtos ou otimizar aqueles que j\u00e1 existem, a sua palavra \u00e9 sempre ouvida pela gente desde o princ\u00edpio \u2013 representando a pe\u00e7a-chave para mover todas as outras que giram constantemente em busca de solu\u00e7\u00f5es para ampliar a qualidade de vida das pessoas. Essa aproxima\u00e7\u00e3o cada vez maior entre o consumidor e&hellip;","_links":{"self":[{"href":"https:\/\/www.mormaii.com.br\/site\/wp-json\/wp\/v2\/pages\/59417"}],"collection":[{"href":"https:\/\/www.mormaii.com.br\/site\/wp-json\/wp\/v2\/pages"}],"about":[{"href":"https:\/\/www.mormaii.com.br\/site\/wp-json\/wp\/v2\/types\/page"}],"author":[{"embeddable":true,"href":"https:\/\/www.mormaii.com.br\/site\/wp-json\/wp\/v2\/users\/16"}],"replies":[{"embeddable":true,"href":"https:\/\/www.mormaii.com.br\/site\/wp-json\/wp\/v2\/comments?post=59417"}],"version-history":[{"count":10,"href":"https:\/\/www.mormaii.com.br\/site\/wp-json\/wp\/v2\/pages\/59417\/revisions"}],"predecessor-version":[{"id":59440,"href":"https:\/\/www.mormaii.com.br\/site\/wp-json\/wp\/v2\/pages\/59417\/revisions\/59440"}],"wp:attachment":[{"href":"https:\/\/www.mormaii.com.br\/site\/wp-json\/wp\/v2\/media?parent=59417"}],"curies":[{"name":"wp","href":"https:\/\/api.w.org\/{rel}","templated":true}]}}